 x(z) = -z - z + 1 + 1. Give x(g).
-6
Let k(j) be the second derivative of -j**5/20 - 17*j**4/12 - j**2 + 26*j + 2. Determine k(-17).
-2
Let s(q) = q**3 - 7*q**2 - 7*q + 7. Suppose -5*g = 2*c - 42, -5*c - 35 = -4*g - 8*c. Calculate s(g).
15
Let p(k) = -30*k + 103. Let v be p(3). Let f(n) = 2*n - 14. What is f(v)?
12
Let a(l) = -3*l + 2 - 2 + l**2 + 0*l**2. Suppose 5*j = 15 + 45. Suppose j = 2*f + 4. Determine a(f).
4
Let q(m) be the third derivative of -13*m**4/24 + m**3/6 - 15*m**2 - 2. Determine q(3).
-38
Let r(a) = -a**2 - 10*a - 8. Let t be ((-63)/(-18))/(0 + 2/(-4)). What is r(t)?
13
Let m(k) = 799*k - 4 - 799*k + 4*k**2 - k**3 + 7. Calculate m(3).
12
Let t(m) = -m**3 + 18*m**2 - 3*m + 39. Let j(w) = 2*w**2 - 7*w - 166. Let q be j(-8). Calculate t(q).
-15
Let v(x) be the first derivative of 6*x**2 + 2 + 0 + 7 + 2*x + 1. What is v(2)?
26
Let t(v) be the first derivative of -v**3/3 - 7*v**2/2 - 11*v - 13. Give t(-6).
-5
Let n(j) be the third derivative of -j**6/120 - j**5/6 - j**4/24 + 11*j**2. Give n(-10).
10
Let x(m) be the first derivative of 3*m**2/2 + 5*m - 180. Calculate x(10).
35
Let y(n) = 2*n - 2. Suppose k - 3 = -1. Let q be y(k). Let h(b) = -2*b**2 - 3*b + 1. Determine h(q).
-13
Let x(h) be the first derivative of h**4/4 - 11*h**3/3 + h**2 - 14*h + 56. Determine x(11).
8
Let m = 22 + -23. Let l(k) be the first derivative of k**3/3 + k**2 - 6. Determine l(m).
-1
Let g(w) = -3*w**2 - w - 4. Let v = -18 - -21. Let q(x) = -4*x**2 + 2*x - x - 3 - 2*x. Let l(r) = v*g(r) - 2*q(r). What is l(0)?
-6
Let f(k) = -k**3. Let z(l) = -5*l**3 - l**2 - 2*l - 1. Let b(i) = 2*f(i) + z(i). What is b(-1)?
7
Let o(n) be the third derivative of 1/3*n**4 + 0 - 1/120*n**6 + 1/12*n**5 + 0*n - 4*n**2 - 1/2*n**3. Suppose 3*x - 15 = -p, -p - 2*p = -3*x - 9. Calculate o(p).
9
Let i(n) = 5*n - 100. Let l be i(21). Let t(j) = 2*j**3 - 5*j**2 + 2*j - 9. Let y(w) = -w**3 + 3*w**2 - w + 5. Let r(c) = 2*t(c) + 5*y(c). Calculate r(l).
2
Suppose -4*j - 2 = -2*n, -n - j = -6*n - 13. Let w be (-18)/8*8/n. Let r(x) = 6*x**3 + 3 - 2*x**3 - 3*x**3 + 7*x - 7*x**2. Give r(w).
9
Let f(o) = 4*o**2 - o - 1. Suppose m + 4*d - 18 + 5 = 0, -d = -2*m + 26. Suppose -5 = -4*l - m. Let t be (1 - 1) + l + 1. Give f(t).
4
Let d be 12/(-6) - (1 - 48). Suppose 0 = 121*p - 116*p + d. Let n(b) = -b**3 - 8*b**2 + 9*b + 4. Determine n(p).
4
Let i(s) = -3*s + 1. Suppose 3*q = -5*x - 17, -4*x - 13 = -q - x. Suppose 5*a + 10 = t, 3*t - 9 - q = -5*a. What is i(a)?
4
Suppose -18*j + 108 = -14*j. Suppose 7*r + 100 = j*r. Let d(u) = -u**3 + 5*u**2 + 2*u - 1. What is d(r)?
9
Let z(p) = -p + 13. Let y = 588 + -574. Give z(y).
-1
Let g(b) = -b**3 - 5*b**2 + 4*b + 2. Let t = -164 + 158. What is g(t)?
14
Let u(d) = d**2 - 7*d - 15. Let v(k) = k**3 + 10*k**2 - 2*k - 1. Let g be v(1). Give u(g).
-7
Let y(i) = 2*i - 6. Let o be y(4). Let h(w) = -w**o - 121 + 121 - w + 5*w**2. What is h(1)?
3
Let s(t) be the first derivative of -2*t**3/3 + t**2/2 + 4*t - 25. Give s(-3).
-17
Let t(v) = -2*v**2 - v + 1. Let f(h) = 5*h. Let o(q) = -q. Let g(u) = -2*f(u) - 9*o(u). Let j be g(-1). What is t(j)?
-2
Let x(p) = 6*p - 1. Suppose 2*o = -3*b + 34 + 3, -2*o - 7 = -b. Suppose 3*c = 4*w - 13, 3*w = c - 0*c + b. Let n be (2/w)/((-8)/16). Calculate x(n).
-7
Let c(o) = o**3 + 5*o**2 - 5*o + 6. Let n be -3*16/(-36)*3. Suppose 5*u - u + 28 = n*v, v + 3 = -4*u. Let z be (1 + (-1 - -3))*u. Give c(z).
0
Let f be ((-13)/(-2))/((-21)/(-42)). Let x(t) = -9*t**2 + 17*t**2 - t**3 + 0*t - f*t**2 + 4 + 7*t. Give x(-6).
-2
Let g(w) be the second derivative of -w**5/20 - w**4/2 - w**3/3 + 3*w**2 + w. Suppose -28*u - 24 = -31*u. Let s be (-42)/u + (-6)/168*-7. What is g(s)?
-9
Let m(q) = q - 9. Suppose -5*j - a = -5*a - 30, 15 = 4*j - 5*a. What is m(j)?
1
Let o(d) = -d - 3. Let v = -22 + 40. Suppose 5*a - v = 7. Suppose -n - 6 = -4*k, a*k = 2*n + 14 - 2. Calculate o(n).
3
Let l(k) = -k**3 - 3*k**2 - 2*k + 3. Let t(p) = -6*p**3 - 16*p**2 - 10*p + 17. Let f(j) = 11*l(j) - 2*t(j). What is f(-1)?
-1
Let m(t) = -t + 16. Let x be 9/(-2) + 483/42. What is m(x)?
9
Let g(t) be the first derivative of 5*t**2/2 - 4*t - 15. Let q(y) = -y + 1. Let h(z) = g(z) + 4*q(z). Calculate h(-4).
-4
Let z(y) = 4*y**2 + 8*y + 1. Let n(p) = -p**2 - 2*p. Let f(j) = -3*n(j) - z(j). Calculate f(-2).
-1
Let o(g) = -g**3 + g**2 + g + 1. Let p(f) = -7*f**3 + 12*f**2 + 5*f + 2. Let x(k) = -6*o(k) + p(k). What is x(6)?
-10
Suppose -5*l - 4 = w, 26*l = 24*l - 4. Let c(h) = -h**3 + 7*h**2 - 8*h. What is c(w)?
-12
Let m(a) be the third derivative of a**6/144 + 5*a**4/8 + 5*a**2. Let k(f) be the second derivative of m(f). Let g = -3 - -5. What is k(g)?
10
Let g(t) = 2 - 2 - 4 + 2*t**2 + 3 + 4*t. Let q be g(-3). Let h(l) = -2*l**2 + l - 2. Let x(m) = 2*m**2 - m + 1. Let f(b) = q*h(b) + 6*x(b). Give f(3).
11
Suppose 0 = -4*r + 4 - 0. Let u(b) = 25*b + 25*b - r - 48*b. Let k(v) = v + 1. Let s be k(-2). Determine u(s).
-3
Let b(r) = -5*r**2 - 2*r - 1. Suppose -4*z + 1 = -35. Let w(v) = -12*v - z + 4*v + 6*v. Let h be w(-4). Give b(h).
-4
Let x(r) = 6*r**3 + 2*r**2 + 2*r + 1. Suppose 5*k - 15 = -60. Let n(c) = c + 13. Let p be n(k). Let s be -1 + 0/((-16)/p). Give x(s).
-5
Let w be (-6)/(-33) + 39*(-12)/396. Let g(m) = 41*m**2 - 1. Calculate g(w).
40
Let x(q) = -7*q + 4. Let p be (-6)/(-7)*(-1)/(8/28). Give x(p).
25
Let n(j) = -j**2 + 9*j + 13. Let b(t) = -2*t**2 - 97*t - 305. Let s be b(-45). Calculate n(s).
3
Let i = 26 + -23. Suppose -12 = s - 4*s - i*c, -3*c + 12 = 0. Let w(j) = j**2 + 1 + 1 - 5 + 1. Calculate w(s).
-2
Let x(y) = -y - 3. Let q be ((-10)/(-12))/((-1)/6). Give x(q).
2
Let z be (-1)/(0 - (-3)/(-9)). Suppose -4*r + p = 5, 3*r + z = -2*p + 2. Let g(s) = -3 + s + 5 - 3 - 7*s. Calculate g(r).
5
Let s(a) = -2*a**2 + 0*a - 3*a + 4*a + 3479 - 3476. Calculate s(3).
-12
Let f = -23 - -23. Let i(g) = g**3 - 44*g**2 - 3 + 2*g + f + 42*g**2. Let y be (-3)/(-1 - 0) + -1. What is i(y)?
1
Let n be (-45)/6*(-2)/3. Suppose -n*t - 16 = -t. Let k(m) = -m + 6. Let h(g) = -g + 5. Let a(f) = -5*h(f) + 4*k(f). Calculate a(t).
-5
Suppose 2*u = 4*u + 10. Let a(x) = -x**2 - 4*x + 4. Give a(u).
-1
Let g(k) = 4*k**2 + k. Let l be (-12)/2 - (22 - 26). What is g(l)?
14
Let q(o) be the first derivative of o**5/20 + 5*o**4/12 + 2*o**3/3 + 5*o**2/2 + 17*o - 5. Let l(j) be the first derivative of q(j). Calculate l(-4).
5
Let d(a) = a**3 + 28*a**2 + 52*a + 43. Let i be d(-26). Let y be ((-190)/4)/(-5)*2. Let f(w) = 23 - i - 16*w**2 + y - 2*w. What is f(-1)?
-15
Let y(h) = -2*h - 10. Let f(n) = 2*n + 37 - 42 - 3*n. Let v = -8 - -3. Let u(z) = v*f(z) + 3*y(z). Calculate u(5).
-10
Let o(d) = 437*d**2 + d**3 + 427*d**2 - 12*d - 3 - 852*d**2. Determine o(-13).
-16
Let p(t) = t**2 - 2*t - 3. Suppose 0 = 2*m - 10*m. Give p(m).
-3
Suppose m - 4 = -0. Suppose q = 2 - m. Let h(w) = -w**3 + w**2 - 1. Determine h(q).
11
Let l(j) = -19*j**3 + 16*j**2 - 5*j - 3. Let a(x) = -7*x**3 + 6*x**2 - 2*x - 1. Let s(y) = 8*a(y) - 3*l(y). Give s(0).
1
Suppose 35*u - 28*u - 70 = 0. Let w(z) = z**2 - 12*z + 11. What is w(u)?
-9
Let j(y) = -2*y**2 - 3*y + 9. Let h(a) = -3*a**2 + 4*a**2 - 5 - 7*a + 9*a. Let l(t) = 5*h(t) + 3*j(t). Calculate l(-2).
-4
Let w(t) = -t**3 + t**2 + 6*t - 4. Let z be w(2). Let k(m) = m - 1. Let j(i) = -i**2 + 4*i - 2. Let g(y) = -j(y) - 2*k(y). What is g(z)?
-4
Let b(i) be the first derivative of i**5/120 + i**4/8 - 4*i**3/3 + 8. Let r(k) be the third derivative of b(k). Calculate r(-6).
-3
Let z(l) = -l**2 + 4*l + 7. Let p = 171 - 112. Suppose -9 = 5*b - p. Suppose 0 = 4*y - 10 - b. Determine z(y).
2
Let o(q) = 2*q**2 - 3*q + 15. Let k be o(0). Let t(y) = -k + 11 + y + 2. Give t(-6).
-8
Let a(n) be the second derivative of -n**4/12 + 17*n**3/6 - 6*n**2 - 258*n. Determine a(8).
60
Let x be -1 - (-154 + (-2 - -5)). Let y(r) = -295 + r + 147 + x. Calculate y(4).
6
Let s(r) = -r**2 - 8*r + 3. Let f be -6 + (1 - -3)/4. Calculate s(f).
18
Let t(s) = 8*s**2 - 9*s + 4*s - 5 - 9*s**2. Let b(c) = -2*c**2 - 10*c - 8. Let m be b(-4). Suppose 3*u + 3*y + 27 = 0, u - 2*y - 6 = -m*u. What is t(u)?
-1
Let w = -205 - -200. Let s(v) = v + 2. Give s(w).
-3
Let v(g) = -3*g**2 - 7*g - 3. Let y(a) be the third derivative of a**5/15 + 7*a**4/24 + 2*a**3/3 - 11*a**2. Let p(j) = 5*v(j) + 4*y(j). Give p(6).
-5
Let g be